424?
False
Does 416 divide 220313600?
True
Is 46714171 a multiple of 103?
False
Is 5093 a factor of 2101957495?
True
Is 609 a factor of 3248406?
True
Does 318 divide 325535010?
True
Does 21 divide 14346870?
False
Does 17 divide 16785800?
True
Is 36 a factor of 436388184?
True
Is 981 a factor of 13149324?
True
Is 67019536 a multiple of 982?
True
Does 29 divide 38184590?
True
Is 113 a factor of 26790360?
False
Is 6 a factor of 45942?
True
Is 10017 a factor of 2786134273?
False
Does 25 divide 42819100?
True
Does 57 divide 82236168?
False
Is 41 a factor of 36204?
False
Does 770 divide 85137286?
False
Is 56967401 a multiple of 10?
False
Is 315770241 a multiple of 5?
False
Does 228 divide 231228480?
True
Is 219 a factor of 7941378?
True
Is 475 a factor of 59205326?
False
Is 171911085 a multiple of 905?
True
Is 2725713207 a multiple of 1071?
True
Does 10 divide 131233570?
True
Is 13866 a factor of 1283436960?
True
Does 321 divide 24426495?
True
Is 4134 a factor of 1233188736?
True
Is 9951155 a multiple of 277?
False
Is 223880915 a multiple of 107?
True
Does 512 divide 1137778815?
False
Does 618 divide 140617866?
True
Does 268 divide 76561704?
True
Does 1760 divide 2505849280?
True
Does 6 divide 1467113721?
False
Is 1619 a factor of 87679000?
False
Is 53 a factor of 575664801?
False
Is 26 a factor of 244415600?
True
Does 40 divide 143082756?
False
Does 332 divide 21825808?
False
Does 151 divide 1910044451?
True
Is 1456 a factor of 3983425264?
True
Does 37 divide 399816616?
False
Is 6 a factor of 37976494?
False
Is 15211115 a multiple of 40?
False
Does 459 divide 217107?
True
Does 193 divide 34814390?
False
Is 3 a factor of 4835598?
True
Is 7628368 a multiple of 178?
True
Does 46 divide 15593250?
False
Is 4131015 a multiple of 7?
True
Does 36 divide 17929368?
True
Is 266184003 a multiple of 2673?
False
Is 52454602 a multiple of 49?
False
Does 6 divide 1468050?
True
Is 75 a factor of 90470175?
True
Is 5767 a factor of 779705776?
False
Is 13721264 a multiple of 6?
False
Does 89 divide 119291417?
True
Does 175 divide 19900125?
True
Is 757 a factor of 40982466?
True
Is 10 a factor of 232669402?
False
Is 1843 a factor of 49681751?
True
Does 4408 divide 6383304144?
True
Is 1856612343 a multiple of 485?
False
Does 531 divide 392884651?
False
Does 50 divide 133668567?
False
Does 146 divide 18267979?
False
Is 163 a factor of 67678741?
True
Is 83454071 a multiple of 559?
False
Is 312 a factor of 8711154?
False
Is 11763071 a multiple of 2113?
True
Is 75 a factor of 644015779?
False
Is 102849888 a multiple of 1808?
True
Is 311 a factor of 54868486?
True
Is 12 a factor of 3676520528?
False
Is 824 a factor of 141336637?
False
Is 86 a factor of 5170941?
False
Is 7 a factor of 20309247?
True
Does 109 divide 18928140?
False
Is 16824951 a multiple of 769?
True
Is 8 a factor of 877781850?
False
Is 2333196812 a multiple of 5949?
False
Does 13 divide 554458788?
True
Is 45964926 a multiple of 148?
False
Is 194450104 a multiple of 31?
True
Is 714 a factor of 226928112?
False
Does 18 divide 1820970?
True
Is 2 a factor of 42118030?
True
Does 140 divide 1581941620?
True
Is 538776364 a multiple of 28?
True
Does 18 divide 1316268883?
False
Is 181 a factor of 196902841?
True
Is 1193 a factor of 422610706?
True
Is 12 a factor of 48311007?
False
Does 5 divide 1533768211?
False
Is 36200076 a multiple of 666?
False
Is 520 a factor of 24798074?
False
Is 38338239 a multiple of 159?
True
Is 49002038 a multiple of 163?
True
Is 491975150 a multiple of 395?
False
Does 899 divide 26542975?
True
Is 2 a factor of 16618815?
False
Is 46 a factor of 132081578?
False
Is 30990625 a multiple of 2927?
False
Is 102392726 a multiple of 859?
False
Is 1772 a factor of 128757234?
False
Is 78215419 a multiple of 18?
False
Is 571342583 a multiple of 7?
True
Is 111352860 a multiple of 23?
False
Does 1007 divide 39734657?
False
Does 74 divide 27076674?
True
Is 685678996 a multiple of 319?
False
Is 204144659 a multiple of 3973?
True
Is 67955865 a multiple of 185?
True
Does 28 divide 44296768?
False
Is 30502555 a multiple of 17?
False
Does 44 divide 8794871?
False
Is 1949272618 a multiple of 15?
False
Is 82073 a multiple of 4?
False
Is 68 a factor of 42682893?
False
Does 33 divide 21304397?
False
Is 429014485 a multiple of 5?
True
Is 22261702 a multiple of 758?
True
Is 300 a factor of 46189200?
True
Is 179 a factor of 4556680?
False
Does 46 divide 32900158?
False
Is 475 a factor of 25694650?
True
Is 22887734 a multiple of 195?
False
Is 750 a factor of 630271011?
False
Is 1280904 a multiple of 301?
False
Does 23 divide 3636312?
False
Does 277 divide 13625696?
False
Is 236016197 a multiple of 1046?
False
Is 15 a factor of 2556617340?
True
Does 134 divide 876237429?
False
Does 80 divide 92401520?
True
Is 1252228498 a multiple of 274?
True
Is 351234732 a multiple of 13?
False
Is 17 a factor of 114057682?
False
Does 36 divide 3400175395?
False
Does 66 divide 20757330?
True
Does 400 divide 54200000?
True
Is 697213881 a multiple of 819?
True
Is 115 a factor of 1662818465?
True
Does 23 divide 1411346577?
False
Does 220 divide 343476104?
False
Does 10 divide 41676334?
False
Is 30005544 a multiple of 12?
True
Is 149 a factor of 483524864?
False
Is 5 a factor of 44894931?
False
Is 224784351 a multiple of 36?
False
Is 484784922 a multiple of 19?
False
Does 263 divide 62673952?
True
Is 39 a factor of 2049091530?
False
Is 49 a factor of 832919157?
False
Does 855 divide 17763385?
False
Does 20 divide 2068580?
True
Is 366 a factor of 55638029?
False
Is 33 a factor of 752071254?
True
Is 11531493 a multiple of 12?
False
Is 1727924400 a multiple of 254?
False
Is 392303997 a multiple of 2?
False
Does 2792 divide 590019400?
True
Is 3207597251 a multiple of 2529?
False
Is 54517128 a multiple of 1068?
True
Is 24 a factor of 1353600?
True
Is 12794685 a multiple of 15?
True
Is 214421928 a multiple of 1689?
True
Is 231525103 a multiple of 1282?
False
Does 11 divide 239069369?
True
Is 34 a factor of 552892054?
True
Does 6 divide 233135674?
False
Is 657 a factor of 124713687?
False
Does 36 divide 283471776?
True
Is 1244530650 a multiple of 1650?
True
Is 373 a factor of 13970842?
False
Does 14 divide 5933818?
False
Does 1609 divide 603056418?
True
Is 15588528 a multiple of 8?
True
Is 387751827 a multiple of 101?
True
Does 1058 divide 358859846?
True
Does 60 divide 86126520?
True
Is 10 a factor of 730126200?
True
Is 3 a factor of 9967059?
True
Is 3782363 a multiple of 518?
False
Is 282481920 a multiple of 240?
True
Is 45284169 a multiple of 11?
False
Does 15 divide 745855214?
False
Is 686344698 a multiple of 3117?
True
Is 274195738 a multiple of 9?
False
Does 146 divide 49795176?
False
Is 16 a factor of 977136?
True
Is 5347 a factor of 171670782?
True
Is 84 a factor of 591432492?
True
Does 9 divide 137816478?
True
Does 1354 divide 222894611?
False
Is 847881949 a multiple of 193?
False
Is 61 a factor of 3247823?
True
Is 4775000138 a multiple of 3929?
True
Is 9 a factor of 152371424?
False
Is 1895168825 a multiple of 21?
False
Is 883704424 a multiple of 209?
False
Is 168 a factor of 18547924?
False
Does 235 divide 37768730?
True
Is 74 a factor of 834199040?
True
Does 523 divide 77056185?
False
Does 90 divide 544805109?
False
Does 14 divide 2035899017?
False
Is 2024652 a multiple of 7?
True
Is 154589715 a multiple of 465?
True
Is 20248507 a multiple of 17?
False
Is 813299212 a multiple of 44?
True
Does 38 divide 78618352?
True
Does 651 divide 1569304675?
False
Is 22737189 a multiple of 171?
False
Is 64 a factor of 673140474?
False
Does 20 divide 40083237?
False
Is 520 a factor of 14540240?
True
Is 15703028 a multiple of 7?
False
Is 101096556 a multiple of 380?
False
Does 6002 divide 1559390183?
False
Does 8 divide 4751230672?
True
Is 41234391 a multiple of 99?
True
Is 1340575866 a multiple of 174?
True
Does 71 divide 9284584?
False
Does 419 divide 407933372?
True
Does 24 divide 6734210322?
False
Is 421894542 a multiple of 51?
True
Is 15 a factor of 664160040?
True
Is 13 a factor of 44557630?
True
Does 15 divide 105316080?
True
Is 77 a factor of 24982034?
True
Is 16 a factor of 1180049899?
False
Is 1123 a factor of 484455045?
False
Is 1307 a factor of 87316749?
True
Is 29 a factor of 216978290?
True
Does 655 divide 610105194?
False
Does 20